. Let y be c(-9). What is the greatest common factor of y and 11?
11
Let r be (-1 - 1)/2*-1. Suppose x - 3*c = -5*c + 13, 2*x = -c + 11. Calculate the greatest common divisor of r and x.
1
Let l = 1105 - 726. Let s = -192 + l. Calculate the greatest common factor of s and 17.
17
Let x be 3/(-4)*(-19 + 11). Let f be 9/1*4/6. Calculate the greatest common divisor of x and f.
6
Let f = -9 + 7. Let d = f - -12. Calculate the greatest common divisor of 2 and d.
2
Suppose 2*b - x = -3*x - 6, -2*b - 16 = 4*x. Suppose l = -b*l. Let k = l + 5. Calculate the greatest common factor of k and 5.
5
Let t(m) = 10*m + 11. Let k be t(-5). Let d = -26 - k. Calculate the greatest common factor of d and 13.
13
Suppose x = 5*x. Let u be (x + -3)/((-3)/64). Calculate the greatest common factor of 8 and u.
8
Let p = 97 - 69. Calculate the highest common factor of p and 7.
7
Let p = 309 - 174. Suppose g + 4*g = 75. What is the greatest common factor of g and p?
15
Let a be 4/(-6) + (-7)/3. Let u be a/(-2) - (-6)/(-4). Suppose u = 2*n - 3*n - 2*m + 12, 4*n - 48 = -5*m. Calculate the highest common divisor of n and 3.
3
Suppose 14 + 4 = x. Calculate the highest common divisor of 12 and x.
6
Let o be (1 - 14/6)*-6. Let b(g) = -g**2 + 5*g + 3. Let a be b(6). Let i(u) = -u - 1. Let f be i(a). What is the greatest common factor of o and f?
2
Suppose -3*w = -b + 2, -4*b - 8 = 6*w - 2*w. Let g(t) = 14*t**2 + 2*t + 1. Let p be g(b). What is the highest common divisor of 104 and p?
13
Suppose 4*i - 4*b = 69 - 5, -3*i = -b - 44. Suppose -3*t + 277 = 4*o + 62, -3*o + 162 = 2*t. What is the highest common divisor of o and i?
14
Let f = -71 + 89. Calculate the greatest common factor of 45 and f.
9
Let y = -23 + 20. Let h = 19 - 11. Let b = y + h. What is the highest common factor of 2 and b?
1
Suppose 2*v + 7 = w, -3*w + 7*w + 5*v + 24 = 0. Let p be ((-6)/w)/(8/12). Let u = p + -5. Calculate the greatest common factor of u and 44.
4
Let j(l) = 0*l**3 - 2*l + 0*l - 1 - 2*l**2 - l**3. Let q be j(-2). Suppose 3*k + 63 = n + 5*k, q*n + 5*k = 190. Calculate the highest common factor of 13 and n.
13
Let g = 104 + 31. Let c be 30 + ((-1)/(5 + -4) - 2). Calculate the highest common factor of c and g.
27
Let s = -79 + 114. What is the greatest common factor of 245 and s?
35
Let i = -43 - -195. Calculate the greatest common divisor of 19 and i.
19
Let o(b) = -2*b**2 - 29*b + 27. Let i be o(-15). What is the highest common divisor of i and 12?
12
Let s be ((-9)/2)/((-3)/4). Let z be (-30)/9*(-27)/s. Calculate the highest common divisor of z and 135.
15
Let q(r) = -18*r**3 - 2*r**2 - 2*r - 1. Let f be q(-1). Let y be (-2 - 0 - 0)*f. Let m = -4 - y. Calculate the highest common divisor of 12 and m.
6
Let w(s) = s**2 - 11*s + 18. Let b be w(17). Suppose 4*m = 105 + 87. Calculate the greatest common divisor of b and m.
24
Let h be -2 + (9/(-3) - -5). Suppose 3*q + 2*q = h. Suppose q*z + 6 = z. Calculate the highest common divisor of 15 and z.
3
Let q = 67 - 13. What is the highest common factor of q and 6?
6
Let c = 268 - 191. Suppose 5*r + 6 - 41 = 0. What is the greatest common factor of r and c?
7
Let x be 399/(-14)*(-1)/((-9)/(-12)). Calculate the greatest common factor of 38 and x.
38
Let w = 560 - 292. Let m = w + -152. What is the highest common factor of 29 and m?
29
Suppose 0 = -z + 9. Let q be ((-8)/(-3))/(2/z). What is the greatest common divisor of q and 24?
12
Let l = 212 - 101. What is the highest common factor of l and 37?
37
Suppose 65 = 5*n + 4*m, -4*n + 34 = 5*m - 18. Suppose w - n = 7. What is the highest common divisor of 2 and w?
2
Let y(a) = a**2 + 11*a + 12. Let l be y(-10). Calculate the highest common factor of l and 6.
2
Let p(n) = 6*n - 6. Let q be p(6). Let u = 11 - 7. Suppose -230 - q = -u*y. What is the highest common divisor of y and 26?
13
Let h be (21/(-9) - 1)*-6. Suppose 0*z = -5*z + h. What is the greatest common factor of 10 and z?
2
Suppose 0 = -k + x + 14, 2*x = 3*k - 3 - 43. Suppose 2*u = 3*d - u, -5*u - 4 = -4*d. Let t = k + d. What is the greatest common divisor of 2 and t?
2
Let f(a) = -a**3 + 6*a**2 - 4*a + 1. Let s(p) = -5*p**2 + 11*p**2 - 5*p**2. Let o be s(2). Let l be f(o). Calculate the highest common factor of l and 34.
17
Suppose -y + 7 + 18 = 0. Let b = 18 + -8. Calculate the greatest common factor of b and y.
5
Let d = 2 + -23. Suppose -f + 5*f - 72 = 0. Let a be -3*d/f*2. What is the highest common factor of 7 and a?
7
Let j = 796 + -521. Suppose -4*n + 3*a = 4*a - 105, 2*n - 5*a - 25 = 0. Calculate the greatest common factor of n and j.
25
Let m = 4 + -3. Let g(x) = -x**3 + x**2 + 2. Let k be g(0). Suppose k*w - 27 = -3*a, -a - 5*w - 3 = 1. What is the highest common factor of a and m?
1
Let g(c) = -16*c - 3. Let q be g(-2). Let s = -14 + q. Calculate the greatest common divisor of s and 135.
15
Let l(q) = q + 78. Let h(z) = 0 + z**3 + 2 + z + 2*z**2 + 0*z**2. Let k be h(-2). Let i be l(k). Calculate the greatest common factor of i and 13.
13
Let f(o) = 2*o**2 + 3*o. Let z be f(-2). Suppose 0 = -3*p + 9, 6*s = 2*s + 4*p + 24. Suppose 0 = -z*y + 55 + s. Calculate the greatest common factor of 8 and y.
8
Let b(m) = -2*m**3 - 2*m**2 - m + 6. Let t be b(-5). Let p = -148 + t. Let v = -35 + p. What is the highest common divisor of 14 and v?
14
Let z be (1/1)/(1/3). Suppose -z*j = -0*j - 27. Let u be 565/7 - 2/(-7). What is the highest common divisor of u and j?
9
Suppose 0 = -2*p - f + 20, -4*p - f = -6 - 30. What is the greatest common factor of 8 and p?
8
Suppose 2*d - 5 = d. Suppose -2*c + 255 = -d*l, 4*c - l = 152 + 385. What is the highest common factor of 54 and c?
27
Let v = -22 - -42. Suppose 5*y + 4*r - 162 = 0, -4*r = 3*y + y - 132. What is the greatest common divisor of y and v?
10
Let l be 2/2*-1 + (-35 - -59). What is the highest common factor of l and 23?
23
Suppose o + 0*o = 54. Suppose -5*b - o = -369. What is the greatest common divisor of 21 and b?
21
Let g be (325/(-5)*-2)/2. What is the highest common factor of g and 26?
13
Let s(p) = 4*p + 4. Let v be s(8). Suppose 4*b - 4 = -y, -2*y = 2*y - 4*b - 56. Calculate the highest common factor of v and y.
12
Let m = 2 - -2. Let y = m + 1. Suppose a + y*q = 2 + 1, -5*a + 45 = -5*q. What is the highest common factor of 72 and a?
8
Suppose 3*y = -5*f + f - 145, 0 = -y - 4*f - 51. Let i = -31 - y. What is the greatest common factor of i and 8?
8
Let t(a) = a + 9. Let p be t(9). Let s be 3146/p - (-6)/27. Suppose 4*j - s = -j. Calculate the highest common factor of j and 7.
7
Suppose 1 + 155 = 3*k. What is the highest common divisor of k and 26?
26
Suppose -4*h + w = -64, 2*h - 3*h + w = -19. What is the highest common factor of 5 and h?
5
Let o(a) = a**2 + 3*a - 3. Let p be o(-4). Let t = 8 - 5. Calculate the highest common factor of t and p.
1
Suppose -4*p + 51 = 3*d + 17, -5*d + p = -72. Let g be ((-36)/d)/(6/(-28)). What is the greatest common divisor of 96 and g?
12
Let t be 27 - 1*9/3. Suppose o = -4*m + 27 + 8, 4*o - 129 = -5*m. Let n = -19 + o. What is the highest common factor of n and t?
12
Suppose c - v = 5, -3*v = -v - 6. Suppose -4*s + 291 = o, -s + 276 = 3*s - 4*o. Calculate the highest common factor of c and s.
8
Let l(m) = m**3 - m**2 + 4. Let j be ((-8)/(-4)*1)/1. Let o be l(j). Calculate the highest common factor of o and 56.
8
Let g = 0 + 2. Suppose -3*i + g*c + 190 = i, 105 = 2*i + c. Calculate the highest common divisor of i and 20.
10
Let h be 2 + (-2 - -3) - -30. Let m = h + -17. Calculate the highest common divisor of m and 40.
8
Let k(p) = -3*p. Let t be k(-6). Let s = -2 - -14. Calculate the greatest common divisor of t and s.
6
Suppose -9*n = n - 40. Calculate the highest common divisor of 20 and n.
4
Let r(p) = 2*p**2 - 8*p + 7. Let j be r(5). What is the highest common divisor of 51 and j?
17
Let d(m) be the second derivative of -13*m**3/6 + 2*m**2 - 3*m. Let n be d(-4). Calculate the greatest common divisor of n and 7.
7
Let l be -10*((1 - 12) + 2). Suppose 2*z + 3*z - l = 0. Calculate the highest common factor of 27 and z.
9
Let s be -1 + 292/8*4. Calculate the greatest common factor of 58 and s.
29
Let r = -1 - -2. Suppose 4*u - 24 = -4*t, -3 = 2*t + 5. Let g be 2/(-8)*u*-2. What is the highest common divisor of r and g?
1
Let p(o) = o - 9. Let r be p